{"id":29,"date":"2019-06-05T16:06:21","date_gmt":"2019-06-05T14:06:21","guid":{"rendered":"http:\/\/www.kulturgestalten.net\/?page_id=29"},"modified":"2026-04-01T17:18:53","modified_gmt":"2026-04-01T15:18:53","slug":"junge-buehne","status":"publish","type":"page","link":"http:\/\/www.kulturgestalten.net\/index.php\/junge-buehne\/","title":{"rendered":"Junge B\u00fchne"},"content":{"rendered":"<section class=\"l-section wpb_row height_medium with_shape\"><div class=\"l-section-shape type_tilt pos_bottom\" style=\"height:15vmin;\"><svg xmlns=\"http:\/\/www.w3.org\/2000\/svg\" viewBox=\"0 0 64 8\" preserveAspectRatio=\"none\" width=\"100%\" height=\"100%\">\r\n\t<path fill=\"currentColor\" d=\"M64 7.9 L64 10 L0 10 L0 0 Z\"\/>\r\n<\/svg><\/div><div class=\"l-section-h i-cf\"><div class=\"g-cols vc_row via_flex valign_top type_default stacking_default\"><div class=\"vc_col-sm-12 wpb_column vc_column_container\"><div class=\"vc_column-inner\"><div class=\"wpb_wrapper\"><div class=\"wpb_text_column\"><div class=\"wpb_wrapper\"><div class=\"wp-block-column\">\n<p>Wir haben uns zum Ziel gesetzt die bestehenden Kultur- und Theaterveranstaltungen in Zusammenarbeit mit regionalen Vereinen fortzuf\u00fchren und neue kulturelle Angebote in der Region zu schaffen. Dazu geh\u00f6rt unter anderem die F\u00f6rderung der kulturellen Arbeit mit Kindern und Jugendlichen.<\/p>\n<h3>Kulturelle Arbeit f\u00fcr und mit Kindern und Jugendlichen<\/h3>\n<p>Kinder- und Jugendtheater spielt in der kulturellen Bildung eine gro\u00dfe Rolle. Denn bei einem Theaterbesuch k\u00f6nnen Kinder und Jugendliche wichtige kulturelle Erfahrungen machen. Das praktische Erproben k\u00fcnstlerischer Ausdrucksformen schafft Raum f\u00fcr die Entfaltung kreativen Potenzials und die Gewinnung sozialer Kompetenzen.<\/p>\n<p>Wir bieten Jugendlichen von 14 bis 25 Jahren die M\u00f6glichkeit, sich im gemeinsamen Theaterspiel auszuprobieren. Unter kompetenter Anleitung erlernen sie die Grundformen szenischer Darstellung und die Regeln des gemeinsamen kreativen Arbeitens.<\/p>\n<p>Die Freude am gemeinsamen Theaterspiel, aber auch Verantwortung, Zuverl\u00e4ssigkeit und Konzentration sind dabei in allen Phasen der Proben und Auff\u00fchrungen f\u00fcr uns grundlegende Aspekte.<\/p>\n<\/div>\n<p><strong>Wir wollen\u2026<\/strong><\/p>\n<\/div><\/div><div class=\"w-separator size_medium\"><\/div><div class=\"w-hwrapper valign_top align_none\"><div class=\"w-iconbox iconpos_top style_default color_primary align_center no_title\"><div class=\"w-iconbox-icon\" style=\"font-size:2rem;\"><i class=\"fas fa-star\"><\/i><\/div><div class=\"w-iconbox-meta\"><div class=\"w-iconbox-text\"><p>Neugierde an Theater und Kultur wecken<\/p>\n<\/div><\/div><\/div><div class=\"w-iconbox iconpos_top style_default color_primary align_center no_title\"><div class=\"w-iconbox-icon\" style=\"font-size:2rem;\"><i class=\"fas fa-star\"><\/i><\/div><div class=\"w-iconbox-meta\"><div class=\"w-iconbox-text\"><p>Kinder und Jugendlichen in Ihrer Kreativen und pers\u00f6nlichen Entwicklung st\u00e4rken und f\u00f6rdern<\/p>\n<div class=\"page\" title=\"Page 1\">\n<div class=\"layoutArea\">\n<div class=\"column\"><\/div>\n<\/div>\n<\/div>\n<\/div><\/div><\/div><div class=\"w-iconbox iconpos_top style_default color_primary align_center no_title\"><div class=\"w-iconbox-icon\" style=\"font-size:2rem;\"><i class=\"fas fa-star\"><\/i><\/div><div class=\"w-iconbox-meta\"><div class=\"w-iconbox-text\"><div class=\"page\" title=\"Page 1\">\n<div class=\"layoutArea\">\n<div class=\"column\">\n<p>Verborgene Talente entdecken<\/p>\n<\/div>\n<\/div>\n<\/div>\n<div class=\"page\" title=\"Page 1\">\n<div class=\"layoutArea\">\n<div class=\"column\"><\/div>\n<\/div>\n<\/div>\n<\/div><\/div><\/div><div class=\"w-iconbox iconpos_top style_default color_primary align_center no_title\"><div class=\"w-iconbox-icon\" style=\"font-size:2rem;\"><i class=\"fas fa-star\"><\/i><\/div><div class=\"w-iconbox-meta\"><div class=\"w-iconbox-text\"><p>Mut machen sich auf einer B\u00fchne zu Zeigen und dadurch gro\u00dfartige Erfahrungen zu sammeln<\/p>\n<div class=\"page\" title=\"Page 1\">\n<div class=\"layoutArea\">\n<div class=\"column\"><\/div>\n<\/div>\n<\/div>\n<\/div><\/div><\/div><\/div><\/div><\/div><\/div><\/div><\/div><\/section><section class=\"l-section wpb_row height_medium with_shape\"><div class=\"l-section-shape type_triangle pos_bottom\" style=\"height:15vmin;\"><svg xmlns=\"http:\/\/www.w3.org\/2000\/svg\" viewBox=\"0 0 64 8\" preserveAspectRatio=\"none\" width=\"100%\" height=\"100%\">\r\n\t<path fill=\"currentColor\" d=\"M64 8 L0 8 L0 0 L32 7.9 L64 0 Z\"\/>\r\n<\/svg><\/div><div class=\"l-section-h i-cf\"><div class=\"g-cols vc_row via_flex valign_top type_default stacking_default\"><div class=\"vc_col-sm-12 wpb_column vc_column_container\"><div class=\"vc_column-inner\"><div class=\"wpb_wrapper\"><div class=\"wpb_text_column\"><div class=\"wpb_wrapper\"><h3>Inszenierungen<\/h3>\n<\/div><\/div><div class=\"w-grid us_post_carousel type_carousel layout_blog_1 preload_style_spinner items_4\" id=\"us_post_list_v475\" style=\"--items:4;--gap:1.5rem;\"><style>.layout_blog_1 .w-grid-item-h{}.layout_blog_1 .usg_post_image_1{margin-bottom:0.5rem!important}.layout_blog_1 .usg_post_title_1{font-size:1rem!important}<\/style><div class=\"w-grid-list owl-carousel valign_stretch dotstyle_circle navstyle_circle arrows-ver-pos_middle arrows-hor-pos_on_sides_outside arrows-disabled_hide owl-responsive-2000 with_arrows\" style=\"--transition-duration:350ms;--arrows-size:1.5rem;--arrows-gap:10px;\">\t<article class=\"w-grid-item size_1x1 post-8700 us_portfolio type-us_portfolio status-publish has-post-thumbnail hentry us_portfolio_category-junge-buehne us_portfolio_tag-72\" data-id=\"8700\">\r\n\t\t<div class=\"w-grid-item-h\">\r\n\t\t\t\t\t\t<div class=\"w-post-elm post_image usg_post_image_1 stretched\"><a href=\"http:\/\/www.kulturgestalten.net\/index.php\/portfolio\/neues-vom-raeuber-hotzenplotz\/\" aria-label=\"Neues vom R\u00e4uber Hotzenplotz\"><img loading=\"lazy\" decoding=\"async\" width=\"1200\" height=\"800\" src=\"http:\/\/www.kulturgestalten.net\/wp-content\/uploads\/2023\/08\/IMG_7968-1300x867.jpg\" class=\"attachment-large size-large wp-post-image\" alt=\"\" srcset=\"http:\/\/www.kulturgestalten.net\/wp-content\/uploads\/2023\/08\/IMG_7968-1300x867.jpg 1300w, http:\/\/www.kulturgestalten.net\/wp-content\/uploads\/2023\/08\/IMG_7968-650x433.jpg 650w, http:\/\/www.kulturgestalten.net\/wp-content\/uploads\/2023\/08\/IMG_7968-325x217.jpg 325w, http:\/\/www.kulturgestalten.net\/wp-content\/uploads\/2023\/08\/IMG_7968-600x400.jpg 600w, http:\/\/www.kulturgestalten.net\/wp-content\/uploads\/2023\/08\/IMG_7968-200x133.jpg 200w, http:\/\/www.kulturgestalten.net\/wp-content\/uploads\/2023\/08\/IMG_7968-300x200.jpg 300w, http:\/\/www.kulturgestalten.net\/wp-content\/uploads\/2023\/08\/IMG_7968.jpg 2048w\" sizes=\"auto, (max-width: 1200px) 100vw, 1200px\" \/><\/a><\/div><h2 class=\"w-post-elm post_title usg_post_title_1 entry-title color_link_inherit\"><a href=\"http:\/\/www.kulturgestalten.net\/index.php\/portfolio\/neues-vom-raeuber-hotzenplotz\/\">Neues vom R\u00e4uber Hotzenplotz<\/a><\/h2>\t\t<\/div>\r\n\t\t\t<\/article>\r\n\t<article class=\"w-grid-item size_1x1 post-3087 us_portfolio type-us_portfolio status-publish has-post-thumbnail hentry us_portfolio_category-junge-buehne us_portfolio_tag-32\" data-id=\"3087\">\r\n\t\t<div class=\"w-grid-item-h\">\r\n\t\t\t\t\t\t<div class=\"w-post-elm post_image usg_post_image_1 stretched\"><a href=\"http:\/\/www.kulturgestalten.net\/index.php\/portfolio\/an-der-arche-um-8\/\" aria-label=\"An der Arche um acht\"><img loading=\"lazy\" decoding=\"async\" width=\"1200\" height=\"800\" src=\"http:\/\/www.kulturgestalten.net\/wp-content\/uploads\/2018\/08\/4801-arche-baumann-scaled.jpg\" class=\"attachment-large size-large wp-post-image\" alt=\"\" srcset=\"http:\/\/www.kulturgestalten.net\/wp-content\/uploads\/2018\/08\/4801-arche-baumann-scaled.jpg 2560w, http:\/\/www.kulturgestalten.net\/wp-content\/uploads\/2018\/08\/4801-arche-baumann-scaled-650x433.jpg 650w, http:\/\/www.kulturgestalten.net\/wp-content\/uploads\/2018\/08\/4801-arche-baumann-scaled-325x217.jpg 325w\" sizes=\"auto, (max-width: 1200px) 100vw, 1200px\" \/><\/a><\/div><h2 class=\"w-post-elm post_title usg_post_title_1 entry-title color_link_inherit\"><a href=\"http:\/\/www.kulturgestalten.net\/index.php\/portfolio\/an-der-arche-um-8\/\">An der Arche um acht<\/a><\/h2>\t\t<\/div>\r\n\t\t\t<\/article>\r\n\t<article class=\"w-grid-item size_1x1 post-7322 us_portfolio type-us_portfolio status-publish has-post-thumbnail hentry us_portfolio_category-junge-buehne us_portfolio_tag-33\" data-id=\"7322\">\r\n\t\t<div class=\"w-grid-item-h\">\r\n\t\t\t\t\t\t<div class=\"w-post-elm post_image usg_post_image_1 stretched\"><a href=\"http:\/\/www.kulturgestalten.net\/index.php\/portfolio\/was-ihr-wollt\/\" aria-label=\"Was ihr wollt\"><img loading=\"lazy\" decoding=\"async\" width=\"800\" height=\"533\" src=\"http:\/\/www.kulturgestalten.net\/wp-content\/uploads\/2019\/06\/wasihrwollt-9616.jpg\" class=\"attachment-large size-large wp-post-image\" alt=\"\" srcset=\"http:\/\/www.kulturgestalten.net\/wp-content\/uploads\/2019\/06\/wasihrwollt-9616.jpg 800w, http:\/\/www.kulturgestalten.net\/wp-content\/uploads\/2019\/06\/wasihrwollt-9616-650x433.jpg 650w, http:\/\/www.kulturgestalten.net\/wp-content\/uploads\/2019\/06\/wasihrwollt-9616-325x217.jpg 325w\" sizes=\"auto, (max-width: 800px) 100vw, 800px\" \/><\/a><\/div><h2 class=\"w-post-elm post_title usg_post_title_1 entry-title color_link_inherit\"><a href=\"http:\/\/www.kulturgestalten.net\/index.php\/portfolio\/was-ihr-wollt\/\">Was ihr wollt<\/a><\/h2>\t\t<\/div>\r\n\t\t\t<\/article>\r\n\t<article class=\"w-grid-item size_1x1 post-9336 us_portfolio type-us_portfolio status-publish has-post-thumbnail hentry us_portfolio_category-junge-buehne us_portfolio_tag-82\" data-id=\"9336\">\r\n\t\t<div class=\"w-grid-item-h\">\r\n\t\t\t\t\t\t<div class=\"w-post-elm post_image usg_post_image_1 stretched\"><a href=\"http:\/\/www.kulturgestalten.net\/index.php\/portfolio\/das-neinhorn\/\" aria-label=\"Das NEINhorn\"><img loading=\"lazy\" decoding=\"async\" width=\"1200\" height=\"800\" src=\"http:\/\/www.kulturgestalten.net\/wp-content\/uploads\/2026\/04\/IMG_8207-1300x867.jpg\" class=\"attachment-large size-large wp-post-image\" alt=\"\" srcset=\"http:\/\/www.kulturgestalten.net\/wp-content\/uploads\/2026\/04\/IMG_8207-1300x867.jpg 1300w, http:\/\/www.kulturgestalten.net\/wp-content\/uploads\/2026\/04\/IMG_8207-650x433.jpg 650w, http:\/\/www.kulturgestalten.net\/wp-content\/uploads\/2026\/04\/IMG_8207-325x217.jpg 325w, http:\/\/www.kulturgestalten.net\/wp-content\/uploads\/2026\/04\/IMG_8207-600x400.jpg 600w, http:\/\/www.kulturgestalten.net\/wp-content\/uploads\/2026\/04\/IMG_8207-200x133.jpg 200w, http:\/\/www.kulturgestalten.net\/wp-content\/uploads\/2026\/04\/IMG_8207-300x200.jpg 300w\" sizes=\"auto, (max-width: 1200px) 100vw, 1200px\" \/><\/a><\/div><h2 class=\"w-post-elm post_title usg_post_title_1 entry-title color_link_inherit\"><a href=\"http:\/\/www.kulturgestalten.net\/index.php\/portfolio\/das-neinhorn\/\">Das NEINhorn<\/a><\/h2>\t\t<\/div>\r\n\t\t\t<\/article>\r\n<\/div><div class=\"w-grid-carousel-json hidden\" onclick='return {&quot;carousel_settings&quot;:{&quot;aria_labels&quot;:{&quot;prev&quot;:&quot;Zur\\u00fcck&quot;,&quot;next&quot;:&quot;Weiter&quot;},&quot;autoplayContinual&quot;:false,&quot;autoplayHoverPause&quot;:false,&quot;autoplayTimeout&quot;:3000,&quot;autoWidth&quot;:false,&quot;smartSpeed&quot;:350,&quot;margin&quot;:0,&quot;mouseDrag&quot;:true,&quot;rtl&quot;:false,&quot;slideBy&quot;:&quot;1&quot;,&quot;touchDrag&quot;:true,&quot;slideTransition&quot;:&quot;&quot;,&quot;responsive&quot;:{&quot;0&quot;:{&quot;autoHeight&quot;:false,&quot;autoplay&quot;:false,&quot;autoWidth&quot;:false,&quot;center&quot;:false,&quot;dots&quot;:false,&quot;items&quot;:1,&quot;loop&quot;:false,&quot;nav&quot;:false,&quot;stagePadding&quot;:0,&quot;slideBy&quot;:&quot;1&quot;},&quot;601&quot;:{&quot;items&quot;:4,&quot;autoplay&quot;:false,&quot;center&quot;:false,&quot;dots&quot;:false,&quot;nav&quot;:true,&quot;autoHeight&quot;:false,&quot;autoWidth&quot;:false,&quot;loop&quot;:false,&quot;stagePadding&quot;:0}}}}'><\/div><\/div><\/div><\/div><\/div><\/div><\/div><\/section>\n","protected":false},"excerpt":{"rendered":"InhaltBesetzungDetailsInhaltInhalt Im Herzwald, in dem die Einh\u00f6rner leben, strahlen alle nur so vor Harmonie und Gl\u00fcckseligkeit, besonders, als es Nachwuchs gibt. Doch dem kleinen Einhorn geht der st\u00e4ndige Frohsinn und die h\u00fcbschen Reime der \u00e4lteren Einh\u00f6rner geh\u00f6rig auf den Keks. Mit seinem bockigen \u201eNein!\u201c l\u00e4sst es auch alle wissen, was es von dieser Glitzerwelt h\u00e4lt....","protected":false},"author":1,"featured_media":0,"parent":0,"menu_order":0,"comment_status":"closed","ping_status":"closed","template":"","meta":{"_acf_changed":false,"inline_featured_image":false,"footnotes":""},"class_list":["post-29","page","type-page","status-publish","hentry"],"acf":[],"_links":{"self":[{"href":"http:\/\/www.kulturgestalten.net\/index.php\/wp-json\/wp\/v2\/pages\/29","targetHints":{"allow":["GET"]}}],"collection":[{"href":"http:\/\/www.kulturgestalten.net\/index.php\/wp-json\/wp\/v2\/pages"}],"about":[{"href":"http:\/\/www.kulturgestalten.net\/index.php\/wp-json\/wp\/v2\/types\/page"}],"author":[{"embeddable":true,"href":"http:\/\/www.kulturgestalten.net\/index.php\/wp-json\/wp\/v2\/users\/1"}],"replies":[{"embeddable":true,"href":"http:\/\/www.kulturgestalten.net\/index.php\/wp-json\/wp\/v2\/comments?post=29"}],"version-history":[{"count":100,"href":"http:\/\/www.kulturgestalten.net\/index.php\/wp-json\/wp\/v2\/pages\/29\/revisions"}],"predecessor-version":[{"id":9392,"href":"http:\/\/www.kulturgestalten.net\/index.php\/wp-json\/wp\/v2\/pages\/29\/revisions\/9392"}],"wp:attachment":[{"href":"http:\/\/www.kulturgestalten.net\/index.php\/wp-json\/wp\/v2\/media?parent=29"}],"curies":[{"name":"wp","href":"https:\/\/api.w.org\/{rel}","templated":true}]}}